27
What are the prime factors of 117300279?
3, 39100093
List the prime factors of 731674574.
2, 23, 15905969
What are the prime factors of 744478462?
2, 7, 13, 79, 569
List the prime factors of 1366403033.
17, 127, 769, 823
What are the prime factors of 73132344?
2, 3, 1015727
What are the prime factors of 444205024?
2, 13881407
List the prime factors of 109174653.
3, 7, 31, 55901
List the prime factors of 43715551.
11, 17, 157, 1489
What are the prime factors of 1315268875?
5, 337, 31223
What are the prime factors of 4399821?
3, 17, 149, 193
List the prime factors of 351885893.
4157, 84649
What are the prime factors of 1636579547?
1636579547
List the prime factors of 130667989.
130667989
What are the prime factors of 457539578?
2, 228769789
List the prime factors of 260222062.
2, 19, 6847949
What are the prime factors of 4750217012?
2, 593, 2002621
List the prime factors of 139543800.
2, 3, 5, 11, 21143
What are the prime factors of 155848423?
701, 222323
List the prime factors of 862879000.
2, 5, 862879
List the prime factors of 38877719.
29, 43, 31177
List the prime factors of 5581866.
2, 3, 61, 101, 151
What are the prime factors of 76412894?
2, 38206447
List the prime factors of 107823562.
2, 7, 11, 59, 11867
What are the prime factors of 104529637?
1753, 59629
List the prime factors of 110616871.
110616871
What are the prime factors of 86882139?
3, 827, 1297
List the prime factors of 1105350243.
3, 368450081
What are the prime factors of 6861201?
3, 47, 48661
List the prime factors of 735053770.
2, 5, 11, 71, 94117
What are the prime factors of 940868434?
2, 11, 17, 2515691
What are the prime factors of 41149394?
2, 11, 13, 143879
What are the prime factors of 14473023?
3, 347, 13903
What are the prime factors of 262217949?
3, 7, 2411, 5179
What are the prime factors of 73807597?
149, 379, 1307
What are the prime factors of 6055242240?
2, 3, 5, 17, 19, 2441
What are the prime factors of 50934450?
2, 3, 5, 7, 179, 271
What are the prime factors of 96424889?
11, 419, 20921
List the prime factors of 1080116443.
7, 937, 164677
List the prime factors of 223673097.
3, 17, 1613, 2719
List the prime factors of 49065552.
2, 3, 37, 9209
List the prime factors of 3524408832.
2, 3, 7, 181, 1811
List the prime factors of 68785896.
2, 3, 43, 66653
List the prime factors of 677002189.
677002189
List the prime factors of 2061761823.
3, 11, 349, 19891
List the prime factors of 4091085069.
3, 1363695023
List the prime factors of 338949545.
5, 11, 337, 18287
What are the prime factors of 10460371?
41, 103, 2477
What are the prime factors of 550747998?
2, 3, 41, 283, 293
List the prime factors of 198904.
2, 23, 47
What are the prime factors of 161751444?
2, 3, 29, 464803
List the prime factors of 454181357.
7, 64883051
What are the prime factors of 1901589174?
2, 3, 37, 2855239
What are the prime factors of 91092959?
3407, 26737
What are the prime factors of 24484849?
24484849
List the prime factors of 1366880185.
5, 11, 24852367
List the prime factors of 78829612.
2, 17, 1159259
List the prime factors of 33996547.
13, 201163
What are the prime factors of 1772147871?
3, 13, 15146563
What are the prime factors of 38399216?
2, 2399951
List the prime factors of 14783958.
2, 3, 7, 13037
What are the prime factors of 325401209?
7, 6640841
What are the prime factors of 3430016353?
241, 14232433
What are the prime factors of 107887868?
2, 11, 73, 33589
What are the prime factors of 55115849?
41, 431, 3119
List the prime factors of 294730098.
2, 3, 13, 3778591
List the prime factors of 619097414.
2, 13, 3637, 6547
What are the prime factors of 40352037?
3, 11, 1222789
What are the prime factors of 69920512?
2, 273127
What are the prime factors of 1001400424?
2, 47, 2663299
What are the prime factors of 50291634?
2, 3, 569, 14731
List the prime factors of 623093962.
2, 17, 601, 30493
What are the prime factors of 19592311?
2063, 9497
List the prime factors of 2234385901.
11, 103, 1972097
What are the prime factors of 85851449?
85851449
List the prime factors of 120114838.
2, 509, 117991
What are the prime factors of 195459008?
2, 3054047
List the prime factors of 40226327.
40226327
List the prime factors of 109100937.
3, 11, 23, 143743
List the prime factors of 57969064.
2, 7246133
List the prime factors of 395250802.
2, 29, 443, 15383
What are the prime factors of 19559498?
2, 7, 1397107
What are the prime factors of 3153703824?
2, 3, 1231, 17791
List the prime factors of 206891539.
29, 401, 17791
List the prime factors of 84341656.
2, 7, 53, 157, 181
List the prime factors of 511719826.
2, 255859913
What are the prime factors of 331934138?
2, 193, 859933
What are the prime factors of 166492333?
7, 23784619
What are the prime factors of 1047967899?
3, 11, 2339, 13577
What are the prime factors of 692562789?
3, 76951421
List the prime factors of 64673230.
2, 5, 6467323
What are the prime factors of 2913053185?
5, 7, 47, 252979
List the prime factors of 130166659.
7, 83, 157, 1427
What are the prime factors of 193847144?
2, 37, 654889
List the prime factors of 2423728527.
3, 11, 73446319
What are the prime factors of 2518747908?
2, 3, 73, 1609, 1787
List the prime factors of 9341876824.
2, 7, 173, 179, 5387
What are the prime factors of 70021007?
7, 10003001
List the prime factors of 59444549.
653, 91033
What are the prime factors of 510710152?
2, 1301, 49069
List the prime factors of 208454048.
2, 11, 592199
What are the prime factors of 315104384?
2, 7, 17, 137, 151
List the prime factors of 3519057650.
2, 5, 43, 251, 6521
List the prime factors of 133974003.
3, 37, 1206973
What are the prime factors of 7829275794?
2, 3, 1304879299
List the prime factors of 1637878365.
3, 5, 61, 173, 3449
What are the prime factors of 1164396760?
2, 5, 19, 199, 7699
What are the prime factors of 260521675?
5, 31, 336157
List the prime factors of 72944697.
3, 7, 3473557
What are the prime factors of 46556168?
2, 127, 45823
List the prime factors of 16921008.
2, 3, 13, 23, 131
What are the prime factors of 2861312540?
2, 5, 127, 1126501
What are the prime factors of 189496475?
5, 7, 154691
What are the prime factors of 415816117?
415816117
List the prime factors of 83753790.
2, 3, 5, 1039, 2687
What are the prime factors of 13090520?
2, 5, 327263
What are the prime factors of 93205285?
5, 18641057
What are the prime factors of 996941358?
2, 3, 7, 125591
List the prime factors of 737550164.
2, 13, 659, 21523
List the prime factors of 14836805.
5, 2967361
List the prime factors of 1153348133.
7, 23, 146197
List the prime factors of 287173711.
11, 467, 55903
List the prime factors of 219500002.
2, 251, 331, 1321
What are the prime factors of 102468084?
2, 3, 47, 97, 1873
List the prime factors of 54888560.
2, 5, 179, 3833
List the prime factors of 1052171402.
2, 526085701
List the prime factors of 550666395.
3, 5, 12237031
List the prime factors of 40942935.
3, 5, 11, 79, 349
What are the prime factors of 3698409009?
3, 12589, 97927
List the prime factors of 56696714.
2, 28348357
List the prime factors of 10544610.
2, 3, 5, 271, 1297
List the prime factors of 35944107.
3, 431, 27799
List the prime factors of 57253233.
3, 23, 829757
List the prime factors of 352519834.
2, 47, 3750211
List the prime factors of 130848892.
2, 31, 1055233
What are the prime factors of 1093244?
2, 273311
What are the prime factors of 268119590?
2, 5, 223, 120233
List the prime factors of 68531966.
2, 197, 281, 619
What are the prime factors of 108646059?
3, 227, 159539
What are the prime factors of 3417773253?
3, 83, 113, 121469
What are the prime factors of 8662819517?
11, 43, 647, 28307
What are the prime factors of 221826864?
2, 3, 7, 660199
List the prime factors of 199050840.
2, 3, 5, 19, 29101
List the prime factors of 24751679.
83, 298213
What are the prime factors of 3177471?
3, 11, 73, 1319
What are the prime factors of 1182041017?
109, 10844413
List the prime factors of 1924127463.
3, 1031, 622091
List the prime factors of 1463114149.
7, 209016307
List the prime factors of 48108448.
2, 29, 47, 1103
What are the prime factors of 90370131?
3, 73, 433, 953
List the prime factors of 49164940.
2, 5, 11, 199, 1123
List the prime factors of 235605261.
3, 17, 23, 353, 569
List the prime factors of 3683